he remainder when 6137214 is divided by 74844.
6
Calculate the remainder when 2063010 is divided by 3003.
2952
Calculate the remainder when 687019375 is divided by 4.
3
What is the remainder when 876675 is divided by 26?
7
Calculate the remainder when 131954100 is divided by 1713.
1710
Calculate the remainder when 664524 is divided by 1480.
4
What is the remainder when 29224684 is divided by 139831?
5
Calculate the remainder when 841429 is divided by 280471.
16
Calculate the remainder when 2231778 is divided by 1115756.
266
Calculate the remainder when 36562329 is divided by 18.
9
What is the remainder when 138416 is divided by 12570?
146
Calculate the remainder when 12577425 is divided by 594.
69
What is the remainder when 75618044 is divided by 5041199?
59
Calculate the remainder when 3397275 is divided by 2675.
25
What is the remainder when 701840 is divided by 43853?
192
Calculate the remainder when 24093718 is divided by 20.
18
What is the remainder when 11035783 is divided by 8?
7
What is the remainder when 23254020 is divided by 1550268?
0
What is the remainder when 948016 is divided by 600?
16
Calculate the remainder when 696780 is divided by 13823.
5630
Calculate the remainder when 158250285 is divided by 217.
214
What is the remainder when 6008612 is divided by 18545?
32
What is the remainder when 17977923 is divided by 1830?
3
Calculate the remainder when 943423 is divided by 9827.
31
What is the remainder when 5612154 is divided by 789?
786
What is the remainder when 15063291 is divided by 1673699?
0
What is the remainder when 1498903 is divided by 2353?
42
What is the remainder when 7669671 is divided by 206?
85
What is the remainder when 129846 is divided by 41500?
5346
What is the remainder when 2107707 is divided by 45?
42
Calculate the remainder when 69117 is divided by 196.
125
What is the remainder when 598426 is divided by 2986?
1226
Calculate the remainder when 3760458 is divided by 40435.
3
What is the remainder when 400483 is divided by 30791?
200
What is the remainder when 73350 is divided by 931?
732
What is the remainder when 342649974 is divided by 9407?
9406
What is the remainder when 1403108 is divided by 1938?
1934
Calculate the remainder when 87855 is divided by 8776.
95
What is the remainder when 407946 is divided by 379?
142
What is the remainder when 6549851 is divided by 1649?
23
What is the remainder when 471762 is divided by 99?
27
What is the remainder when 8425913 is divided by 1929?
41
What is the remainder when 335266 is divided by 47852?
302
What is the remainder when 128081915 is divided by 295?
290
Calculate the remainder when 1713923 is divided by 571299.
26
Calculate the remainder when 629759 is divided by 3497.
299
Calculate the remainder when 4481508 is divided by 9.
3
Calculate the remainder when 24809879 is divided by 15009.
2
What is the remainder when 348867 is divided by 3798?
3249
Calculate the remainder when 15021641 is divided by 69.
65
What is the remainder when 4408433 is divided by 444?
401
Calculate the remainder when 15729533 is divided by 92.
17
Calculate the remainder when 3310018 is divided by 42.
40
Calculate the remainder when 3365957 is divided by 1406.
1399
What is the remainder when 685505 is divided by 779?
764
What is the remainder when 227518 is divided by 75832?
22
Calculate the remainder when 8291713 is divided by 1497.
1327
Calculate the remainder when 401459 is divided by 133817.
8
What is the remainder when 661961 is divided by 1693?
1691
Calculate the remainder when 83347 is divided by 82828.
519
What is the remainder when 850421 is divided by 7661?
50
Calculate the remainder when 2293713 is divided by 257.
245
What is the remainder when 3057387 is divided by 12229?
137
Calculate the remainder when 623602 is divided by 47948.
278
What is the remainder when 733321 is divided by 1251?
235
Calculate the remainder when 360404 is divided by 40032.
116
Calculate the remainder when 5876860 is divided by 376.
356
Calculate the remainder when 682726 is divided by 896.
870
Calculate the remainder when 6866292 is divided by 702.
30
What is the remainder when 57153178 is divided by 2870?
2868
Calculate the remainder when 837679 is divided by 418664.
351
Calculate the remainder when 55521061 is divided by 5015.
5011
Calculate the remainder when 10177981 is divided by 1744.
1741
Calculate the remainder when 34267669 is divided by 477.
466
What is the remainder when 15411316 is divided by 71?
56
Calculate the remainder when 1652105 is divided by 1899.
1874
What is the remainder when 523016 is divided by 174284?
164
What is the remainder when 1620709 is divided by 1575?
34
What is the remainder when 966076 is divided by 240777?
2968
Calculate the remainder when 59950971 is divided by 1088.
1083
Calculate the remainder when 1524547 is divided by 19298.
5
Calculate the remainder when 166754 is divided by 166236.
518
What is the remainder when 1049168 is divided by 157?
94
Calculate the remainder when 2630055 is divided by 306.
291
What is the remainder when 426618 is divided by 1954?
646
What is the remainder when 63671 is divided by 5277?
347
What is the remainder when 4619397 is divided by 139981?
24
Calculate the remainder when 8352355 is divided by 1392001.
349
What is the remainder when 34688 is divided by 3467?
18
What is the remainder when 23656 is divided by 7811?
223
What is the remainder when 21143113 is divided by 1?
0
What is the remainder when 1427466 is divided by 13?
1
What is the remainder when 14909 is divided by 14671?
238
What is the remainder when 2771112 is divided by 2068?
2060
Calculate the remainder when 70497127 is divided by 143.
129
Calculate the remainder when 4542416 is divided by 365.
356
What is the remainder when 15551864 is divided by 51?
26
What is the remainder when 630346 is divided by 3001?
136
Calculate the remainder when 571655 is divided by 10990.
175
Calculate the remainder when 1687280276 is divided by 210.
206
Calculate the remainder when 275415 is divided by 2870.
2765
Calculate the remainder when 1387099 is divided by 6277.
6159
What is the remainder when 532123 is divided by 66497?
147
Calculate the remainder when 16611853 is divided by 5537263.
64
Calculate the remainder when 10338823 is divided by 2419.
17
Calculate the remainder when 3761301 is divided by 2069.
1928
Calculate the remainder when 3744415 is divided by 375.
40
What is the remainder when 63407 is divided by 60?
47
What is the remainder when 96980761 is divided by 4363?
4360
Calculate the remainder when 2027961 is divided by 2027948.
13
Calculate the remainder when 989443 is divided by 989260.
183
What is the remainder when 26127522 is divided by 28?
22
Calculate the remainder when 58283 is divided by 5817.
113
What is the remainder when 481882 is divided by 8627?
7397
Calculate the remainder when 75899706 is divided by 956.
954
What is the remainder when 2143306 is divided by 962?
932
What is the remainder when 7738 is divided by 1100?
38
Calculate the remainder when 606367 is divided by 412.
315
Calculate the remainder when 4181028 is divided by 101976.
12
What is the remainder when 1526701 is divided by 2822?
2821
Calculate the remainder when 38036 is divided by 17462.
3112
What is the remainder when 630290 is divided by 5836?
2
What is the remainder when 22036343 is divided by 132?
131
What is the remainder when 730549 is divided by 5843?
174
What is the remainder when 266224628 is divided by 10?
8
Calculate the remainder when 48326243 is divided by 1046.
1043
What is the remainder when 8020244 is divided by 1132?
24
What is the remainder when 7497 is divided by 669?
138
What is the remainder when 12456782 is divided by 2076127?
20
Calculate the remainder when 1238837794 is divided by 3087.
3085
Calculate the remainder when 9143098 is divided by 1168.
1162
Calculate the remainder when 7502708 is divided by 2005.
2003
What is the remainder when 52273 is divided by 1475?
648
What is the remainder when 2751440 is divided by 11708?
60
Calculate the remainder when 4092474 is divided by 818490.
24
Calculate the remainder when 1191015 is divided by 29048.
47
Calculate the remainder when 26001327 is divided by 170.
167
Calculate the remainder when 1608319 is divided by 629.